hat is -10 + 1010010111?
1010010101
In base 7, what is 124 + -605?
-451
In base 2, what is 100 + -100011?
-11111
In base 2, what is -111011010010100 + 10?
-111011010010010
In base 8, what is 1 - 2644?
-2643
In base 9, what is 1228 - -3?
1232
In base 7, what is -1 + -2453?
-2454
In base 11, what is -9 + -95?
-a3
In base 4, what is 0 + -11321?
-11321
In base 11, what is 4570 + 3?
4573
In base 14, what is -ad + 10?
-9d
In base 6, what is 5 - 105?
-100
In base 8, what is 7325 - -5?
7332
In base 8, what is -5 + -45?
-52
In base 4, what is -10 + -1?
-11
In base 13, what is 0 - -3c?
3c
In base 13, what is 6b + 7?
75
In base 7, what is 4 - 16?
-12
In base 14, what is -74 + 4?
-70
In base 8, what is -13 - 17?
-32
In base 16, what is 5 - -21f?
224
In base 13, what is 12 + 1?
13
In base 11, what is -7 + 5?
-2
In base 14, what is 1564 - 0?
1564
In base 16, what is 615 + -3?
612
In base 5, what is 1422 - -2?
1424
In base 6, what is 5 + 5?
14
In base 12, what is -61 + -3?
-64
In base 13, what is -4 + 24?
20
In base 10, what is -13 + 417?
404
In base 3, what is 1012100 + -12?
1012011
In base 12, what is -8b + 3?
-88
In base 7, what is -4 - -620?
613
In base 4, what is -320 - 100?
-1020
In base 3, what is -101 - 220?
-1021
In base 9, what is 2 + 101?
103
In base 16, what is 0 - -131?
131
In base 7, what is -253 - 362?
-645
In base 3, what is -1101210 + -1?
-1101211
In base 6, what is 5 - 33?
-24
In base 10, what is -3 - 9?
-12
In base 13, what is 104 + 5?
109
In base 14, what is 207 - 3?
204
In base 8, what is 10 - -502?
512
In base 8, what is 2 + -5407?
-5405
In base 10, what is -337 - -1?
-336
In base 5, what is -2 + -101?
-103
In base 15, what is 1 + -bc?
-bb
In base 9, what is 315 + -3?
312
In base 8, what is -4 - -337?
333
In base 2, what is 1010 - 1001101111?
-1001100101
In base 8, what is 615 - 1?
614
In base 7, what is -1 + -14?
-15
In base 13, what is -85 - 60?
-115
In base 15, what is -7c + -2?
-7e
In base 10, what is 0 + -56?
-56
In base 11, what is 4 + 25?
29
In base 9, what is -12 - 45?
-57
In base 2, what is -11010 + -1010011?
-1101101
In base 3, what is -121002 - 21?
-121100
In base 16, what is 90 - 1?
8f
In base 3, what is -102 - 202210?
-210012
In base 2, what is 11 + -110001?
-101110
In base 13, what is 1bb - 0?
1bb
In base 8, what is 5 - 166?
-161
In base 6, what is -1330421 + 3?
-1330414
In base 15, what is -1 - -10a1?
10a0
In base 11, what is 426 + 2?
428
In base 8, what is 41 + -5?
34
In base 16, what is -33d2 - -5?
-33cd
In base 11, what is 12 - -145?
157
In base 6, what is 5 + 11452?
11501
In base 8, what is -17511 - -4?
-17505
In base 13, what is 1 + -3c?
-3b
In base 6, what is 1155 + -2?
1153
In base 10, what is -18 + -74?
-92
In base 10, what is -15 + 35?
20
In base 8, what is 3730 + -11?
3717
In base 2, what is 1011 + 10?
1101
In base 2, what is 1001 + -1101111100?
-1101110011
In base 4, what is 3003 - -1103?
10112
In base 8, what is 2 - 220?
-216
In base 9, what is -7 - 40?
-47
In base 16, what is 1fb + 1?
1fc
In base 16, what is 1 - 2076?
-2075
In base 15, what is -6 - -35?
2e
In base 13, what is 6 - -774?
77a
In base 14, what is -5 + 1d2?
1cb
In base 3, what is 1121100 + 1?
1121101
In base 15, what is 4 - 0?
4
In base 5, what is 2 - -1234?
1241
In base 3, what is -1221 - -100?
-1121
In base 11, what is 4 + -a2a?
-a26
In base 14, what is -4 - -32?
2c
In base 4, what is 23121 - 22?
23033
In base 13, what is 147 + 5?
14c
In base 2, what is 110 + 1110011?
1111001
In base 5, what is 100 - -331?
431
In base 8, what is 12 + 1571?
1603
In base 4, what is -30321 - 3?
-30330
In base 11, what is 1a - -4?
23
In base 5, what is -1 - -1?
0
In base 6, what is 3203 - -2?
3205
In base 10, what is 89 + 20?
109
In base 5, what is -244 + 21?
-223
In base 4, what is -200 - 13?
-213
In base 8, what is -41 - -5?
-34
In base 10, what is 414 - 5?
409
In base 15, what is -3259 - 1?
-325a
In base 15, what is -18 - 1d?
-36
In base 2, what is -110100101101 + 100?
-110100101001
In base 2, what is 111010101 + 10000?
111100101
In base 16, what is 3 + -d7?
-d4
In base 5, what is 0 - -2010?
2010
In base 5, what is -3 + 1201?
1143
In base 11, what is 5 + -15?
-10
In base 7, what is 6004 - -20?
6024
In base 4, what is 23 - -10123?
10212
In base 13, what is 1 - -c7?
c8
In base 12, what is 2 + -946?
-944
In base 13, what is 0 - 1251?
-1251
In base 14, what is -2 + -13?
-15
In base 2, what is 111 - 101111110?
-101110111
In base 3, what is -1 - 100111221?
-100111222
In base 10, what is -2256 + -6?
-2262
In base 3, what is 10211120 + -11?
10211102
In base 15, what is -1 - 44d?
-44e
In base 10, what is 2 - 1712?
-1710
In base 2, what is 111100 + -111?
110101
In base 13, what is 222 - -1?
223
In base 15, what is 1bd - -8?
1c6
In base 10, what is -19 - 127?
-146
In base 12, what is 20 - 165?
-145
In base 5, what is 0 + -12024?
-12024
In base 3, what is -1112 + 121?
-221
In base 12, what is 1 + 53?
54
In base 6, what is -514 - -2?
-512
In base 3, what is 1110 - -11?
1121
In base 7, what is 4054 - -32?
4116
In base 10, what is 5 + 249?
254
In base 9, what is 14 + 231?
245
In base 6, what is 213 - 2?
211
In base 8, what is -11 - -516?
505
In base 12, what is -65a7 - 5?
-65b0
In base 14, what is 7 + -a?
-3
In base 14, what is -5 - -37?
32
In base 4, what is 21001 + -10?
20331
In base 15, what is -832 + -3?
-835
In base 4, what is 11 + -13?
-2
In base 4, what is 22312 - -3?
22321
In base 13, what is 2 - -232?
234
In base 12, what is 2 + -3b?
-39
In base 16, what is -5 - 39?
-3e
In base 4, what is 2 - 22?
-20
In base 14, what is 3 - 795?
-792
In base 8, what is -25 + 2?
-23
In base 5, what is 11 - 12?
-1
In base 4, what is -10101 + -2?
-10103
In base 7, what is -1042 + -2?
-1044
In base 7, what is -11 + 2101?
2060
In base 13, what is -1 + -a?
-b
In base 6, what is 5 + 41?
50
In base 15, what is -28 + -8?
-31
In base 2, what is 1000011111 + 11?
1000100010
In base 9, what is 14 + 4?
18
In base 16, what is 2 - 70?
-6e
In base 7, what is -25 + -3532?
-3560
In base 16, what is 3 + -5?
-2
In base 10, what is -2 - 4344?
-4346
In base 10, what is 2993 - -5?
2998
In base 15, what is 5 - -43?
48
In base 7, what is 154 - 15?
136
In base 4, what is -32301 - 23?
-32330
In base 16, what is 5 - -77?
7c
In base 7, what is -636 - -23?
-613
In base 13, what is 5 - -c4?
c9
In base 7, what is 2333 - -2?
2335
In base 6, what is 402 + -4?
354
In base 7, what is 40005 + -1?
40004
In base 4, what is 2 - 12001?
-11333
In base 13, what is -4 + 51?
4a
In base 8, what is -5327 + -4?
-5333
In base 9, what is -2 + 7165?
7163
In base 5, what is 3 - 1410?
-1402
In base 11, what is -5 - 1179?
-1183
In base 11, what is -444 - -1?
-443
In base 7, what is 3 - -1063?
1066
In base 13, what is 5 + 5c4?
5c9
In base 16, what is -7 + 2?
-5
In base 3, what is 2 - -1211?
1220
In base 5, what is 300 + -1320?
-1020
In base 2, what is -10111 + 11?
-10100
In base 14, what is d9 - 7?
d2
In base 15, what is -130 - 1?
-131
In base 11, what is 1 + 38?
39
In base 5, what is 14 + 1041?
1110
In base 2, what is -110110 - -1001001?
10011
In base 15, what is 4 + -5?
-1
In base 14, what is -9c - -5?
-97
In base 14, what is -3 + -2d?
-32
In base 11, what is 4 + -a?
-6
In base 9, what is -5548 - 1?
-5550
In base 6, what is -1114 + -111?
-1225
In base 9, what is -12846 + 2?
-12844
In base 2, what is 110010001 + 10100?
110100101
In base 14, what is -2 - 54?
-56
In base 13, what is -30 - 1?
-31
In base 7, what is 5 + 22?
30
In base 4, what is 2030 + 1?
2031
In base 10, what is -9 - 150?
-159
In base 4, what is -233 - -22?
-211
In base 14, what is 422 + -5?
41b
In base 7, what is -436 + 6?
-430
In base 14, what is -2 + 246?
244
In base 13, what is 16aa - 4?
16a6
In base 5, what is -10 + 110?
100
In base 4, what is -21 + 3?
-12
In base 13, what is a + 6?
13
In base 3, what is -10 + -22222?
-100002
In base 3, what is 11102101 - -12?
11102120
In base 3, what is -12 + 211221?
211202
In base 12, what is 5 - -84?
89
In base 9, what is 5 + 16?
22
In base 16, what is a - -70?
7a
In base 2, what is 1000 + 101110100?
101111100
In base 7, what is 624 + -4?
620
In base 5, what is -10231 + -13?
-10244
In base 4, what is 3 + 1222?
1231
In base 5, what is 30 - -14?
44
In base 16, what is 14 + 2?
16
In base 10, what is -767 - -1?
-766
In base 15, what 